 (base 12) to base 8.
-10753624
-22355102 (base 7) to base 3
-10122220012102
What is -1023053451 (base 6) in base 16?
-a49047
Convert 239700 (base 11) to base 7.
3135344
Convert 18377 (base 9) to base 15.
3b71
22633652 (base 7) to base 14
39bc29
What is -1a4182 (base 12) in base 5?
-104311341
What is -571623 (base 8) in base 13?
-6a070
What is -211771 (base 10) in base 16?
-33b3b
-5a9b5 (base 12) to base 5
-12404033
18816 (base 10) to base 12
aa80
-17142a (base 13) to base 11
-362396
Convert 484226 (base 9) to base 13.
a2a71
-2402556 (base 7) to base 15
-5edd3
What is f416 (base 16) in base 14?
18ab4
Convert 17453 (base 16) to base 6.
2013135
Convert -23520153 (base 8) to base 9.
-10623366
What is 112442 (base 5) in base 3?
12122200
Convert -446150 (base 7) to base 8.
-232176
Convert -1101010010010110100 (base 2) to base 3.
-211010020012
What is 164111 (base 12) in base 5?
44132232
-365b86a (base 12) to base 5
-10201343431
Convert 21102121222 (base 3) to base 12.
70782
401055 (base 11) to base 4
2131213123
Convert -2166140 (base 7) to base 6.
-5431422
-112002010010001 (base 3) to base 8
-34424721
What is 150824 (base 9) in base 13?
33163
What is 7d082 (base 14) in base 2?
1001010011000111010
Convert -4873a (base 13) to base 16.
-207bc
-7203b6 (base 13) to base 12
-a81625
-5f9559 (base 16) to base 15
-83b0a3
-e84ae (base 16) to base 6
-32220542
-2445551 (base 6) to base 4
-133331023
Convert 15d50a (base 15) to base 3.
1222201122001
-3655219 (base 11) to base 6
-344201331
63932 (base 11) to base 4
112230203
-11503556 (base 7) to base 6
-34000302
Convert 1400103 (base 5) to base 11.
1a174
-1272303 (base 8) to base 15
-70e31
98947 (base 13) to base 14
7292d
11000100110110011101 (base 2) to base 6
25140513
What is 170e2f (base 16) in base 2?
101110000111000101111
Convert 95243 (base 15) to base 11.
2a3422
What is 2112320210 (base 4) in base 7?
5152544
2544 (base 16) to base 11
7193
1101110101101000111011 (base 2) to base 10
3627579
What is 22022011222 (base 3) in base 6?
3300342
Convert 3515183 (base 11) to base 10.
6141446
2114102411 (base 5) to base 2
10000111100001110010101
Convert 81138 (base 9) to base 16.
d055
What is -38350 (base 14) in base 6?
-2542122
What is -cacd8 (base 14) in base 2?
-1110111110111011110
Convert 773663 (base 8) to base 13.
91476
-194a9 (base 14) to base 5
-4022140
101020233122 (base 4) to base 13
c13949
-239798d (base 14) to base 9
-35050570
Convert 1221202111 (base 4) to base 8.
1514225
What is 207242 (base 8) in base 2?
10000111010100010
412114 (base 6) to base 13
11c71
Convert 212051 (base 7) to base 3.
1212101122
What is -43132 (base 10) in base 3?
-2012011111
Convert 1b704 (base 13) to base 15.
10e95
Convert -16033b (base 13) to base 2.
-10000100100111110000
Convert -1c6756 (base 13) to base 12.
-2b1691
-1928a7 (base 11) to base 10
-296567
What is -102224301 (base 6) in base 16?
-1b582d
-30c05 (base 13) to base 12
-42918
15551041 (base 6) to base 9
1041487
17447225 (base 8) to base 11
2339976
-52635770 (base 8) to base 9
-23103627
Convert 1014220253 (base 6) to base 16.
a12bc9
22246400 (base 7) to base 2
111010110101010110000
Convert 111110122012 (base 3) to base 15.
5382b
Convert -55650 (base 13) to base 3.
-21212102220
48ad (base 15) to base 4
3301213
Convert -153818 (base 10) to base 15.
-30898
What is -34014 (base 15) in base 9?
-271781
What is -2346e (base 15) in base 7?
-645431
Convert 202212001000102 (base 3) to base 14.
1686a29
Convert 412543051 (base 6) to base 15.
95e78a
Convert 15b068 (base 14) to base 9.
1377684
Convert -29686 (base 12) to base 11.
-3a629
What is 2114 (base 9) in base 8?
3020
Convert -a559a6 (base 11) to base 7.
-20243464
What is 4656731 (base 9) in base 13?
6a2055
23bd44 (base 16) to base 4
20323311010
Convert 1510562 (base 7) to base 14.
546a2
Convert 23b9e5 (base 16) to base 7.
25621043
9a90b (base 12) to base 7
1513166
Convert -6692c (base 14) to base 15.
-4da94
What is 4061352 (base 7) in base 8?
1664231
-3eb22 (base 16) to base 9
-431235
Convert 31302221 (base 4) to base 14.
1682d
Convert -10010111011000001 (base 2) to base 13.
-2937c
Convert -20100110202 (base 3) to base 9.
-210422
What is -499a75 (base 15) in base 5?
-1400311420
What is 2a4386 (base 11) in base 16?
73cb5
-592364 (base 10) to base 7
-5015003
40466205 (base 7) to base 15
46ad2c
Convert 548726 (base 11) to base 10.
875342
-54114101 (base 7) to base 4
-101211032231
What is -28438456 (base 9) in base 2?
-110101101101011001000000
Convert -1100010101000011101 (base 2) to base 7.
-3301556
Convert -1211303 (base 4) to base 14.
-2535
302333301 (base 4) to base 3
101121112100
Convert -1021201212002 (base 3) to base 13.
-1ac270
Convert -140402004 (base 7) to base 9.
-18150660
Convert -2ff87 (base 16) to base 13.
-6b585
Convert 141422132 (base 5) to base 4.
2302321320
Convert 143454003 (base 6) to base 14.
5772a7
What is 112440 (base 6) in base 2?
10010111001000
Convert -a277d (base 14) to base 4.
-1133133123
What is -13320014103 (base 5) in base 2?
-1000000101011001110100110
Convert -356943 (base 10) to base 4.
-1113021033
Convert -110401202 (base 5) to base 6.
-14152455
-434222202 (base 5) to base 10
-1867177
What is 28151c (base 15) in base 13?
5268c0
Convert -34b60 (base 13) to base 9.
-156220
Convert 1012100120020 (base 3) to base 5.
130334303
What is 11001111100100010001 (base 2) in base 5?
204201233
-2267573 (base 9) to base 4
-10223103000
64406160 (base 8) to base 9
27811041
What is 653541 (base 8) in base 10?
218977
What is -145cd8 (base 14) in base 4?
-2230302212
What is 12903c (base 14) in base 5?
130430111
What is -418464 (base 9) in base 14?
-66a39
What is 48618 (base 13) in base 3?
20202020120
What is -1545061 (base 7) in base 4?
-310000312
What is 1112201333 (base 4) in base 6?
11332515
102867 (base 10) to base 7
605622
What is -113032211 (base 4) in base 10?
-95141
What is -434045 (base 6) in base 3?
-1211020002
What is 106806 (base 11) in base 15?
35591
Convert 125330444 (base 6) to base 15.
345bc1
What is 50000475 (base 8) in base 13?
2231ba4
Convert 621731 (base 10) to base 16.
97ca3
What is -82a894 (base 14) in base 8?
-20642362
12021112 (base 4) to base 15
76d4
-4d2148 (base 16) to base 13
-107ca02
-11403114 (base 5) to base 7
-622650
Convert -9965a9 (base 12) to base 16.
-2530d1
4a914 (base 12) to base 6
2102024
What is -3120132020 (base 4) in base 2?
-11011000011110001000
Convert 365061 (base 10) to base 12.
157319
Convert -5421062 (base 9) to base 2.
-1011000101110010101100
-120110002210211 (base 3) to base 12
-28bb0aa
Convert -1aa64 (base 12) to base 2.
-1001101001101100
What is -185860 (base 11) in base 5?
-33121433
Convert d04408 (base 16) to base 4.
310010100020
Convert -2d326 (base 16) to base 9.
-311845
Convert 233375 (base 10) to base 12.
b307b
What is 1011110100011000110000 (base 2) in base 16?
2f4630
What is -3bc5b7 (base 13) in base 11?
-90451a
Convert 555634 (base 8) to base 3.
100111220202
13060253 (base 8) to base 13
7aaa0a
-313322 (base 6) to base 5
-1303034
What is 574958 (base 13) in base 2?
111111000100101010110
What is -a13bd (base 14) in base 16?
-5ea4b
6871832 (base 11) to base 4
231313031003
110221002211 (base 3) to base 14
68a65
-190a86 (base 13) to base 5
-130131032
-238de (base 16) to base 13
-51394
-20231221 (base 4) to base 11
-248a5
9604 (base 16) to base 3
1221200101
What is 6725402 (base 9) in base 14?
6a2c9c
Convert -86caa (base 14) to base 7.
-2526203
-109a706 (base 12) to base 2
-1100001011000001110110
-1034112042 (base 5) to base 11
-12aa531
Convert -603c9 (base 13) to base 16.
-2a006
Convert -544b (base 12) to base 2.
-10010000111011
What is 10920d (base 15) in base 3?
1111010222011
Convert 271653 (base 11) to base 15.
8666e
1002012210 (base 3) to base 2
101001100110001
What is -48802 (base 13) in base 3?
-20202200101
What is 85469 (base 15) in base 3?
210111002000
Convert -11211210021 (base 3) to base 10.
-95344
What is -4860 (base 15) in base 12?
-8aa6
-1055442 (base 7) to base 6
-2453123
Convert -3461b (base 16) to base 13.
-76873
What is -31223011 (base 5) in base 4?
-332331121
-4313113 (base 8) to base 5
-243340322
What is 9e5c58 (base 16) in base 4?
213211301120
Convert 20270547 (base 8) to base 2.
10000010111000101100111
14595b (base 15) to base 11
60aa32
